at is -10400430003 + 2?
-10400430001
In base 15, what is 28e8 + b?
2904
In base 12, what is -1a8a + -a?
-1a98
In base 10, what is -5 + -9030?
-9035
In base 3, what is 1 + -21021110210?
-21021110202
In base 5, what is -4011 + -112?
-4123
In base 11, what is -5449 - -6?
-5443
In base 10, what is -923 - -33?
-890
In base 15, what is -6ab - 4?
-6b0
In base 4, what is -120 + -133202?
-133322
In base 13, what is 204b5 - 5?
204b0
In base 6, what is -2 - -155533?
155531
In base 11, what is -821a36 + 0?
-821a36
In base 13, what is -6b7 + 2b?
-689
In base 10, what is 45 - 1431?
-1386
In base 7, what is -210636 - 33?
-211002
In base 9, what is -18788 + -102?
-20001
In base 3, what is 110221 - -20022211?
20210202
In base 13, what is -24a - -b00?
883
In base 13, what is a - 954?
-947
In base 11, what is 205 + 280?
485
In base 3, what is 20 - 22102?
-22012
In base 5, what is -120 + -413?
-1033
In base 4, what is -100 - -1211?
1111
In base 16, what is 1b1 - 1af?
2
In base 16, what is 88 - -9d7?
a5f
In base 16, what is -147 - db5?
-efc
In base 4, what is 1 + 3313022?
3313023
In base 2, what is -101100101000011 - -101?
-101100100111110
In base 6, what is -11 - -10421204?
10421153
In base 12, what is 7384 - 1a?
7366
In base 5, what is 434414 - -3?
434422
In base 8, what is 356223 - -2?
356225
In base 16, what is 2 - 5a77?
-5a75
In base 8, what is 2 - -40511?
40513
In base 9, what is 1 - 1062486?
-1062485
In base 6, what is 10335031 - 1?
10335030
In base 16, what is -2d98 - -1c?
-2d7c
In base 7, what is -20303 + -10?
-20313
In base 8, what is -1067511 + 5?
-1067504
In base 13, what is 1663 - 31c?
1344
In base 15, what is -59939 + -3?
-5993c
In base 8, what is 6674 + 11?
6705
In base 14, what is 95 + -72?
23
In base 7, what is 0 + -3115613?
-3115613
In base 11, what is 394021 - 10?
394011
In base 16, what is -60b + -12?
-61d
In base 9, what is 0 - -2341?
2341
In base 7, what is 215552 + 4?
215556
In base 13, what is 37cb + -2?
37c9
In base 3, what is 11 + -10121100102?
-10121100021
In base 7, what is 34 - 2316?
-2252
In base 16, what is -34f77 - 1?
-34f78
In base 7, what is -313 - 1144?
-1460
In base 14, what is -4 - 391d?
-3923
In base 10, what is 2411 + 4?
2415
In base 7, what is 0 + 20236?
20236
In base 4, what is 3 + -1330330?
-1330321
In base 3, what is 1 + 20012120?
20012121
In base 8, what is 33532 - 154?
33356
In base 3, what is 2220201 - 10120?
2210011
In base 12, what is 342 + -76?
288
In base 5, what is -4031104 - 10?
-4031114
In base 12, what is -10a - 942?
-a50
In base 5, what is 14112 + 20?
14132
In base 14, what is -d06c4 - 2?
-d06c6
In base 6, what is -13 + -23500?
-23513
In base 12, what is -82b - -998?
169
In base 10, what is -325585 - 2?
-325587
In base 15, what is -5 - b69c5?
-b69ca
In base 4, what is 12111 - 10002?
2103
In base 10, what is -4638502 + -1?
-4638503
In base 7, what is -416644 + 1?
-416643
In base 14, what is 1057 - -688?
1701
In base 4, what is 11 - -310233?
310310
In base 5, what is 0 - -1411031?
1411031
In base 4, what is 20022 + 0?
20022
In base 10, what is -33740 + 8?
-33732
In base 11, what is 3 + 13987?
1398a
In base 2, what is 111011011011 - -110?
111011100001
In base 2, what is 10000 + -111011100100010?
-111011100010010
In base 5, what is 4 - 1220441?
-1220432
In base 14, what is -2aa2 + -4?
-2aa6
In base 6, what is 1 + -10504430?
-10504425
In base 13, what is -2 + -304c?
-3051
In base 8, what is 0 - -67001?
67001
In base 14, what is 1 + -58a8?
-58a7
In base 12, what is -1abb + 2?
-1ab9
In base 7, what is 0 + -2545406?
-2545406
In base 16, what is 976 - 7?
96f
In base 14, what is 138 - -793?
8cb
In base 8, what is -5 - 167223?
-167230
In base 4, what is -20 + 3322322?
3322302
In base 12, what is 2 + -2905?
-2903
In base 2, what is -111111100111010011 - 100?
-111111100111010111
In base 3, what is -100010 + -1211112?
-2011122
In base 2, what is 100111 - 100000110111111100?
-100000110111010101
In base 6, what is -231 + -3415?
-4050
In base 7, what is -22 + 6314?
6262
In base 12, what is -6a0b8 + 6?
-6a0b2
In base 12, what is 16b73 + 4?
16b77
In base 5, what is 2014 + -144?
1320
In base 13, what is -5 - -7248?
7243
In base 5, what is -1002013 - 1?
-1002014
In base 9, what is 13 + -12270?
-12256
In base 3, what is -10000200 + -20?
-10000220
In base 4, what is 1230002 + -11?
1223331
In base 4, what is -2 - 20310320?
-20310322
In base 6, what is -4 + 343504?
343500
In base 4, what is 2002303 - -10011?
2012320
In base 10, what is -10262 + -3?
-10265
In base 3, what is -20221002 + -2?
-20221011
In base 13, what is -23171 + 4?
-2316a
In base 14, what is c - bc0?
-bb2
In base 6, what is -35 + 100410?
100331
In base 3, what is 1010121 - -2211?
1020102
In base 4, what is 21231 - 301020?
-213123
In base 6, what is -13422311 - 3?
-13422314
In base 4, what is 111303 - 121?
111122
In base 3, what is -1011002220 + -11?
-1011010001
In base 8, what is -160 + 177?
17
In base 2, what is 0 - 110001111111001?
-110001111111001
In base 13, what is -2abc71 - 2?
-2abc73
In base 16, what is -4145 + -32?
-4177
In base 16, what is -33c1 + -1?
-33c2
In base 10, what is 3445 - -3?
3448
In base 12, what is -5259 - 2?
-525b
In base 9, what is -128224 - 24?
-128248
In base 9, what is -40 + -50?
-100
In base 10, what is -14041 - -59?
-13982
In base 11, what is 5a + 127?
186
In base 8, what is 41 - -3601?
3642
In base 4, what is -132 - -102101?
101303
In base 6, what is -224 - 144331?
-144555
In base 14, what is -4 - -18325?
18321
In base 16, what is bbe - -172?
d30
In base 12, what is -4 - 1942?
-1946
In base 2, what is 1100 + 1101011010110?
1101011100010
In base 10, what is 410 + -70?
340
In base 2, what is -10 + -1011000111101101?
-1011000111101111
In base 13, what is 5 + -217616?
-217611
In base 10, what is -96 - -759?
663
In base 7, what is 65625 - 13?
65612
In base 7, what is -331 + -6120?
-6451
In base 4, what is -10 + -31013010?
-31013020
In base 12, what is 9a - 1089?
-bab
In base 11, what is -4 - 4234?
-4238
In base 3, what is -2 - 20112011101?
-20112011110
In base 14, what is 3 + -2246?
-2243
In base 3, what is 11002 + -1222222?
-1211220
In base 14, what is 88b8 - -18?
88d2
In base 11, what is 1a - 3025?
-3006
In base 3, what is 111211010 - 22?
111210211
In base 13, what is 40 - -809?
849
In base 10, what is 563862 - -3?
563865
In base 9, what is -6 + 18130?
18123
In base 8, what is -567761 + 2?
-567757
In base 14, what is 1d + -11d3?
-11b4
In base 6, what is 3 + -31340?
-31333
In base 16, what is 5d0 + 91?
661
In base 5, what is -4 - -20124333?
20124324
In base 8, what is 11072571 - -3?
11072574
In base 10, what is -271 - 1574?
-1845
In base 2, what is 11110011 - 1110110?
1111101
In base 8, what is 11741 - -5?
11746
In base 15, what is -42 - 557?
-599
In base 2, what is 1111 + -111100010010100?
-111100010000101
In base 7, what is -61 + 523?
432
In base 2, what is 11011110011 + -11001000?
11000101011
In base 8, what is -33415 - 1?
-33416
In base 15, what is 11 - 1312?
-1301
In base 15, what is -2c5b + -27?
-2c83
In base 16, what is -5 - 1d149?
-1d14e
In base 13, what is -311aa + -5?
-311b2
In base 6, what is -1 - 3543330?
-3543331
In base 7, what is -51 + 302?
221
In base 4, what is -1332213 + 1032?
-1331121
In base 4, what is 101302 + 20?
101322
In base 2, what is -10001 - -11000110000?
11000011111
In base 16, what is -4 + 6d1?
6cd
In base 12, what is 596 + a?
5a4
In base 9, what is -185467 + -6?
-185474
In base 13, what is -21 + 582c?
580b
In base 10, what is -1 - -123970?
123969
In base 10, what is -1 - 121277?
-121278
In base 7, what is 0 - 22214?
-22214
In base 13, what is 1 - -2bb95?
2bb96
In base 9, what is -43467 + -6?
-43474
In base 3, what is 10 - 1022112220?
-1022112210
In base 4, what is -210332 + -20?
-211012
In base 7, what is 12223 + 415?
12641
In base 4, what is 2213200 - 10?
2213130
In base 12, what is -57176 - 1?
-57177
In base 5, what is -404 + -10120?
-11024
In base 6, what is -23125 + -3?
-23132
In base 5, what is 22 + -14113213?
-14113141
In base 12, what is 486303 - -4?
486307
In base 11, what is -175a - 493?
-2142
In base 9, what is -3 - -3062?
3058
In base 14, what is 551 + -dc?
453
In base 14, what is b16 + -101?
a15
In base 14, what is 0 + -4c22?
-4c22
In base 14, what is 1 - 117303?
-117302
In base 4, what is 21 + 